prime factors of 9823620906?
2, 3, 11, 49614247
What are the prime factors of 10591569?
3, 19, 23, 2693
List the prime factors of 655589814.
2, 3, 11, 61, 162839
List the prime factors of 6591529903.
7, 457, 487, 4231
List the prime factors of 1030189743.
3, 11, 43, 139, 1741
List the prime factors of 1215705393.
3, 7, 31, 622481
List the prime factors of 1458341873.
1201, 1214273
List the prime factors of 571052282.
2, 29, 73, 134873
List the prime factors of 833903907.
3, 17, 1373, 11909
What are the prime factors of 121915743?
3, 40638581
List the prime factors of 2090970363.
3, 53, 13150757
List the prime factors of 2619871964.
2, 654967991
List the prime factors of 391637275.
5, 15665491
List the prime factors of 65249375.
5, 104399
List the prime factors of 458692614.
2, 3, 25482923
List the prime factors of 2036677671.
3, 7, 43, 71, 10589
What are the prime factors of 18909293?
13, 43, 33827
What are the prime factors of 228014243?
41, 1409, 3947
List the prime factors of 548649416.
2, 7, 9797311
List the prime factors of 2096702562.
2, 3, 71, 367, 13411
List the prime factors of 138301532.
2, 19, 1819757
What are the prime factors of 527042682?
2, 3, 29280149
What are the prime factors of 204265485?
3, 5, 19, 41, 5827
List the prime factors of 73595216.
2, 23, 227, 881
What are the prime factors of 3128096332?
2, 1531, 510793
What are the prime factors of 306113277?
3, 102037759
What are the prime factors of 2309650702?
2, 17, 127, 534889
What are the prime factors of 1186699086?
2, 3, 1873, 3911
List the prime factors of 22796550.
2, 3, 5, 7, 7237
What are the prime factors of 29004364?
2, 7251091
What are the prime factors of 27558184?
2, 43, 80111
List the prime factors of 5464555.
5, 1092911
List the prime factors of 86173326.
2, 3, 29, 165083
What are the prime factors of 296960562?
2, 3, 16497809
What are the prime factors of 19603859?
11, 1782169
List the prime factors of 15855901.
23, 157, 4391
List the prime factors of 153759547.
131, 281, 4177
List the prime factors of 70085790.
2, 3, 5, 259577
List the prime factors of 60039839.
31, 67, 137, 211
What are the prime factors of 104031060?
2, 3, 5, 7, 247693
What are the prime factors of 75123571?
31, 223, 10867
What are the prime factors of 34525870?
2, 5, 157, 21991
List the prime factors of 1879253082.
2, 3, 7, 1637, 3037
What are the prime factors of 198027477?
3, 877, 8363
List the prime factors of 687354091.
3011, 228281
List the prime factors of 389835646.
2, 1753, 111191
List the prime factors of 31828349.
7, 269, 16903
List the prime factors of 998148707.
998148707
What are the prime factors of 99459325?
5, 7, 467, 1217
List the prime factors of 1700962183.
17, 100056599
List the prime factors of 40054389.
3, 83, 160861
List the prime factors of 75060933.
3, 17, 229, 6427
What are the prime factors of 73246852?
2, 7, 2615959
What are the prime factors of 1712266461?
3, 79, 89, 27059
What are the prime factors of 395501676?
2, 3, 3119, 10567
List the prime factors of 99098563.
89, 523, 2129
What are the prime factors of 456788909?
5003, 91303
List the prime factors of 712037433.
3, 3347, 70913
List the prime factors of 1307749252.
2, 19, 79, 139, 1567
List the prime factors of 1919413885.
5, 383882777
What are the prime factors of 2043553678?
2, 73, 13996943
List the prime factors of 8044774577.
7, 164179073
What are the prime factors of 434658949?
67, 281, 23087
List the prime factors of 4722084.
2, 3, 23, 1901
What are the prime factors of 794407?
794407
List the prime factors of 762983677.
26431, 28867
What are the prime factors of 6562682?
2, 7, 23, 89, 229
What are the prime factors of 20093173?
131, 163, 941
What are the prime factors of 830563987?
11, 75505817
List the prime factors of 1116726644.
2, 11, 653, 38867
List the prime factors of 95094275.
5, 79, 89, 541
What are the prime factors of 441421054?
2, 220710527
What are the prime factors of 84308418?
2, 3, 1561267
What are the prime factors of 1700490118?
2, 850245059
What are the prime factors of 578689906?
2, 223, 653, 1987
What are the prime factors of 148360295?
5, 167, 177677
What are the prime factors of 4215362521?
4215362521
What are the prime factors of 4025555473?
23, 175024151
List the prime factors of 304762323.
3, 101587441
List the prime factors of 1200703423.
19, 63194917
List the prime factors of 62353851.
3, 7, 23, 129097
What are the prime factors of 76025685?
3, 5, 41, 123619
List the prime factors of 370979857.
23, 61, 89, 2971
List the prime factors of 1919055305.
5, 383811061
What are the prime factors of 188378590?
2, 5, 18837859
What are the prime factors of 56918125?
5, 11, 17, 487
List the prime factors of 61197291.
3, 6799699
List the prime factors of 409466728.
2, 11, 4653031
What are the prime factors of 358202774?
2, 1489, 120283
What are the prime factors of 1662810613?
17, 29, 3372841
List the prime factors of 3888791658.
2, 3, 216043981
What are the prime factors of 27837869?
19, 107, 13693
What are the prime factors of 27866535?
3, 5, 29, 47
List the prime factors of 31944206.
2, 7, 19, 120091
List the prime factors of 4234655774.
2, 2117327887
List the prime factors of 482313924.
2, 3, 13397609
List the prime factors of 2567879892.
2, 3, 53, 59, 22811
What are the prime factors of 397581236?
2, 13, 103, 74231
What are the prime factors of 539982309?
3, 61, 167, 17669
List the prime factors of 18178604.
2, 1171, 3881
List the prime factors of 47789724.
2, 3, 31, 128467
List the prime factors of 172776347.
37, 1259, 3709
List the prime factors of 924539250.
2, 3, 5, 1232719
What are the prime factors of 43949730?
2, 3, 5, 11, 97, 1373
What are the prime factors of 255145417?
23, 173, 64123
List the prime factors of 1515699142.
2, 251, 541, 5581
What are the prime factors of 894933837?
3, 7, 37, 379, 1013
List the prime factors of 2933959399.
7, 17, 24655121
What are the prime factors of 764142931?
19, 1721, 23369
What are the prime factors of 131920774?
2, 65960387
What are the prime factors of 82754941?
82754941
List the prime factors of 468951034.
2, 43, 709, 7691
What are the prime factors of 1567393121?
7, 23, 9735361
List the prime factors of 16700724.
2, 3, 53, 8753
List the prime factors of 945415939.
13, 89, 817127
What are the prime factors of 180343?
23, 7841
What are the prime factors of 580054219?
43, 3637, 3709
List the prime factors of 74794963.
19, 3936577
List the prime factors of 50164792.
2, 47, 133417
List the prime factors of 342451428.
2, 3, 11, 37, 70117
List the prime factors of 1162296290.
2, 5, 17, 41, 103, 1619
List the prime factors of 30932073.
3, 71, 48407
List the prime factors of 2311975748.
2, 8563, 67499
List the prime factors of 28021999.
73, 269, 1427
List the prime factors of 529392217.
191, 2771687
What are the prime factors of 378589954?
2, 29, 6527413
List the prime factors of 35466053.
7, 723797
List the prime factors of 10658488.
2, 197, 6763
List the prime factors of 63897038.
2, 19, 1681501
List the prime factors of 80963726.
2, 23, 1760081
What are the prime factors of 78082708?
2, 11, 727, 2441
List the prime factors of 505400691.
3, 127, 1326511
List the prime factors of 1149676995.
3, 5, 5417, 14149
What are the prime factors of 1242484679?
23, 37, 1460029
List the prime factors of 16734884.
2, 163, 25667
List the prime factors of 42734451.
3, 2423, 5879
List the prime factors of 81185453.
41, 53, 37361
List the prime factors of 383004124.
2, 41, 281, 8311
What are the prime factors of 1969685751?
3, 11, 4817, 12391
What are the prime factors of 2287004269?
11, 207909479
What are the prime factors of 2760039750?
2, 3, 5, 13, 19, 47, 317
What are the prime factors of 43077487?
359, 119993
What are the prime factors of 1321536521?
383, 3450487
List the prime factors of 17874731.
7, 911, 2803
List the prime factors of 43926347.
19, 53, 181, 241
What are the prime factors of 36300531?
3, 12100177
List the prime factors of 247176486.
2, 3, 1129, 12163
List the prime factors of 187117554.
2, 3, 13, 563, 4261
What are the prime factors of 856349539?
151, 829, 6841
What are the prime factors of 553085438?
2, 211, 1310629
List the prime factors of 1834294251.
3, 15061, 40597
List the prime factors of 577823475.
3, 5, 523, 14731
List